me?
True
Let i = 1253 + -606. Is i prime?
True
Suppose -3*a - 3*c = -303, -3*a + 3*c + 282 = -c. Let i = a - -29. Is i a composite number?
False
Let q be -1*(-5 + -1)*-5. Let x = 51 + q. Is x a prime number?
False
Suppose -3*w = -4*k + 52, k + 3*k - w = 60. Let f = k + -11. Suppose -105 = -0*x - f*x. Is x composite?
True
Suppose 0 = -f + 30 - 5. Suppose -97 = -a + f. Is a a composite number?
True
Suppose -4 = 3*g - g, 4*g - 3404 = -4*b. Is b composite?
False
Let g(w) = 3*w + 223. Let i(a) = a**3 - 5*a**2 + a + 4. Let q be i(4). Let r(u) = u + 74. Let d(p) = q*r(p) + 3*g(p). Is d(0) prime?
False
Let z = 12 + -42. Is (-222)/z + 4/(-10) prime?
True
Suppose -g - 740 = -5*g. Is g a composite number?
True
Let r = 914 - 616. Is r prime?
False
Suppose 0 = -t + 2335 + 2062. Is t a composite number?
False
Let o = 623 - 180. Suppose o = 3*x - 28. Is x prime?
True
Suppose -4*t + 21 = -7*t. Is (-2)/6*1113/t prime?
True
Suppose 2*q + 1 = 9. Suppose 260 = q*p - 156. Suppose 5*f = f + p. Is f a prime number?
False
Let q be ((-9)/(-6))/3*110. Let p be q/(-10) - (-1)/(-2). Is ((-254)/(-3))/((-4)/p) a composite number?
False
Let t = 3632 - 1221. Is t a composite number?
False
Suppose 2*h - 10 = -0*h. Let k be h + (0/(-1))/2. Suppose -4 = -k*l - 4*c + 26, 10 = 3*l + 4*c. Is l a prime number?
False
Let c be (-4215)/20*(-1 - -5). Let o = -412 - c. Is o a composite number?
False
Let t = -2 + 304. Is t + (-2)/(-1) + -3 prime?
False
Let g = -6 + 8. Suppose -23 = -5*v + g. Is ((-2)/(-5))/(v/425) prime?
False
Suppose 2*a = -2*a + 1172. Let t = a - 154. Is t composite?
False
Suppose 719 = g + 156. Is g a prime number?
True
Is (-6)/(-8) - (-641)/4 a prime number?
False
Suppose 3*z - 3*i = -378, 3*z - 4*i - i = -380. Let m = z - -270. Is m composite?
True
Suppose y + 2*g - 14 = -g, 3*y - 21 = -2*g. Suppose 3*o + y = 2. Is (-184)/(-12) - o/(-3) a composite number?
True
Suppose 24 = 3*k + k + 2*s, -4*s - 2 = -2*k. Suppose k*d + 10 = 2*a - 63, -a + 35 = -4*d. Is a a prime number?
False
Let g(n) = 137*n**2 - 3*n + 9. Is g(-5) composite?
False
Let l = 224 - -155. Is l a composite number?
False
Suppose 5*a = -r - 27, -3*a - 20 - 5 = 5*r. Suppose -2*g + 3*p - 25 = 0, 3*g + 3*p - 4 + 19 = 0. Is r/g + 220/16 composite?
True
Suppose -25 = -5*o + 30. Suppose -2*i - 1 = -o. Suppose -i*t + 67 = -a, 7 = t - a - 8. Is t composite?
False
Suppose 0 = -4*m + o + 428 - 114, -2*o = 5*m - 399. Suppose 5*d + 14 = m. Is d a prime number?
True
Let g(n) = -82*n + 1. Is g(-10) a prime number?
True
Let r(k) = -k + 2. Let o be r(0). Let c(g) = 6*g**2 - 8*g + 1. Let t(y) = 6*y**2 - 7*y + 1. Let f(n) = -5*c(n) + 6*t(n). Is f(o) a prime number?
False
Suppose 3*t - 10 = 8*t. Let s(m) = -m**2 - 2*m - 1. Let v be s(t). Let h(g) = 43*g**2. Is h(v) composite?
False
Let t(p) = 81*p**2 - 2*p + 1. Let w be t(1). Let k = w - 43. Is k composite?
False
Suppose -t + 4 + 0 = 0. Let r(v) = v - 2. Let u be r(t). Is ((-35)/u)/((-2)/4) a prime number?
False
Is 2/(-1)*(-213)/1 - -1 a composite number?
True
Let v = 4 - -53. Is v composite?
True
Let k be (0 - 2)/(-2)*0. Suppose k*f + 20 = -5*f. Is (-86)/f + 1/2 a prime number?
False
Let n be (2/3)/((-1)/3). Let q(a) = 16*a + 1. Let s(t) = 79*t + 6. Let l(o) = -11*q(o) + 2*s(o). Is l(n) a prime number?
True
Suppose -s - 2*k = 3*k + 10, -5*k = -4*s + 35. Suppose s = -2*f - 15. Is (-196)/f + (-6)/10 prime?
True
Let d = 2 - 0. Let s = 4 + d. Is (-2 + 1)/((-2)/s) prime?
True
Let m = 5 + -4. Let u be -4*(1/(-1))/m. Suppose 0*w + 251 = 3*w - 4*a, -a = u*w - 360. Is w prime?
True
Let r(t) = -8*t**3 - 4*t**2 + 3*t + 2. Is r(-5) prime?
True
Let w = -2 + 3. Let z be 4 + 0 - (w + 1). Let x = 20 + z. Is x prime?
False
Suppose 0 = 4*p, 705 = 2*d - 4*p + 213. Let z = -119 + d. Is z composite?
False
Let i = 3 + -1. Is 1/(102/50 - i) prime?
False
Suppose -17*o = -14*o - 2163. Is o prime?
False
Let y(a) = 110*a**2 + 2*a - 7. Is y(-3) a composite number?
False
Let h = 17 - -21. Let k = h + 29. Suppose k = 2*n + 4*x - 23, -5*x = 5*n - 245. Is n a composite number?
False
Let p(u) = -u**2 + 3*u - 3. Let l be p(2). Is 4/(-2) + (l - -18) a composite number?
True
Let v = -10 + 14. Let a = -52 - -148. Suppose -a = -4*i + 2*t, 0 = 5*i - t + v*t - 98. Is i composite?
True
Let h(l) = l + 15. Suppose 2*m + 1 = 7. Suppose 0 = m*i - 7*i. Is h(i) a prime number?
False
Let r(x) = x**3 - 6*x**2 + 7*x + 7. Is r(8) a composite number?
False
Let p(o) be the third derivative of -o**6/120 - 7*o**5/60 + o**4/4 + 11*o**3/6 - 4*o**2. Is p(-10) prime?
True
Let h = 13317 + -1948. Is h prime?
True
Suppose 3*k = 4*v - 62 + 355, 0 = 2*k + v - 188. Let r = k - 57. Is r a composite number?
True
Let w be (10 - 1)/((-12)/(-8)). Suppose 5*s - 2*i + 67 = 0, -2*s + 5*i + 65 = -5*s. Is 32/5 + w/s a composite number?
True
Suppose y = 4*s + 1009, 0 = 4*y + y - 4*s - 4965. Is y a prime number?
False
Let b(r) = -85*r**2 + r - 1. Let k be b(1). Is (2 - 3)*k/1 prime?
False
Let y be -9*(2 - (-22)/(-6)). Suppose -3*d + y = -96. Is d composite?
False
Suppose -63*u + 66*u - 759 = 0. Is u prime?
False
Let c be -84*4/(-8)*4. Let z = c - -155. Is z a composite number?
True
Let n(o) be the first derivative of 7*o**5/120 - o**4/12 + o**3 - 3. Let k(u) be the third derivative of n(u). Is k(4) a composite number?
True
Suppose 0 = -4*q + 5*b + 169, -q + 61 = -b + 6*b. Suppose 3*a - a = q. Is a composite?
False
Suppose 5*t = t + 764. Is t a composite number?
False
Suppose 0*m - 10 = 5*m. Let p = 48 - 28. Is (p/m)/((-4)/38) a composite number?
True
Let x = 0 - -2. Suppose 5*r + x = 32. Suppose r*j = j + 155. Is j composite?
False
Let o(k) = 14*k**2 + 13*k + 30. Is o(7) composite?
True
Let c(z) = z**2 - 2*z - 5. Let q = 7 + -3. Let r be c(q). Suppose -u - r*w + 53 = 0, -265 = -5*u - w + 4*w. Is u a prime number?
True
Let z(a) = -4*a**3 - 4*a**2 - 3*a - 9. Let g be z(-4). Suppose f + 8 = 5*u, 4*f - 11 = -4*u + 5. Suppose 53 = t + u*h, h + 3*h + g = 5*t. Is t a prime number?
True
Suppose 3*s = z + 2*s + 29, -4*z - 2*s = 134. Let p = 165 + z. Is p prime?
False
Let u = -35 - -129. Is u a prime number?
False
Let u(i) = 8*i**2 - 2*i + 1. Let a be u(-2). Is a*-1*(3 - 4) a prime number?
True
Suppose -2*c - 790 = -5*m, 3*c + 169 = 2*m - 147. Suppose 796 = 5*b + 2*z, -b - 14 = -z - 176. Suppose t + t - m = -4*g, -5*g + 5*t = -b. Is g prime?
True
Let o = 36 - 20. Let w = -163 - -335. Suppose w + o = 4*h. Is h prime?
True
Suppose -15*c + 18*c = 3183. Is c a prime number?
True
Let c = 880 + 33. Is c prime?
False
Suppose 5*b - 213 = 2*b - 5*c, -c = b - 73. Suppose 4*p = 28 + b. Is p a composite number?
True
Let c(p) be the first derivative of 18*p**2 - 3*p - 4. Is c(1) a prime number?
False
Let t(h) = -2*h**3 - 7*h**2 + 8*h - 5. Is t(-6) composite?
False
Is 5 - -308 - -3 - (-6)/2 a composite number?
True
Let o(f) = f**2 + 4*f. Let a be o(-5). Suppose v - a*v = -312. Suppose -q - 73 = -3*h + v, -5*h - q = -257. Is h composite?
True
Let w(a) = a + 10. Let g be w(-9). Suppose -o - 5*j + 341 = 0, -g - 1 = -j. Is o prime?
True
Suppose -2*n + 6*n = 1828. Is n a composite number?
False
Suppose -5*k - 4*s + 18 + 6 = 0, 4*k - 12 = 4*s. Suppose 0 = 4*p + 2*t + 1 - 5, 0 = 2*p + 4*t + k. Suppose 4*z - 44 = p*z. Is z prime?
False
Suppose 2*c + 305 = j - 370, -2*j + 1347 = -c. Is j prime?
True
Let c(f) = f**2 - f + 7. Suppose -u = 4*u - 215. Suppose 3*j - 4*j = 5*i + u, -4*j + 53 = -5*i. Is c(i) a prime number?
True
Suppose 0*k - k - 68 = 5*j, -3*k = -5*j - 76. Is 6465/35 - 4/j composite?
True
Let i be (-255)/(-35) - 2/7. Suppose -3 = -o - i. Let n = -2 - o. Is n a prime number?
True
Let t(w) = 31*w**3 + w**2 + w - 1. Is t(2) prime?
False
Let i = 0 + -8. Let v(w) = -w**3 - 8*w**2 - 4*w + 1. Is v(i) prime?
False
Let z(u) = 13*u - 2. Let q be z(1). Is 2/q - (-20330)/110 a prime number?
False
Is 1286*1/2 - (0 + 2) a composite number?
False
Is (-4 + 50/15)/(4/(-5874)) prime?
False
Suppose 0*q = -q - 5. Let l be (-264)/(-36)*(-6)/(-4). Let n = q + l. Is n composite?
True
Suppose 0 = 2*b + 67 + 33. Let p(k) = 3*k**2 + 14*k + 32. Let u be p(-13). Let n = u + b. Is n composite?
False
Suppose -2*m + 4 + 2 = 0. Suppose -m*h - 2*h = -245. Is h composite?
True
Let z(b) = 30*b + 20*b + 12*b + 4*b + 17. Is z(8) a prime number?
False
Let p be (-14)/21*(1 + 20). Let z(d) = -2*d + 5. Is 